{"id":38,"date":"2015-04-12T12:03:09","date_gmt":"2015-04-12T11:03:09","guid":{"rendered":"http:\/\/www.dopplinger.eu\/kgvspallartneu\/?page_id=38"},"modified":"2022-05-28T18:09:31","modified_gmt":"2022-05-28T16:09:31","slug":"lageplan","status":"publish","type":"page","link":"https:\/\/www.kgvspallart.at\/?page_id=38","title":{"rendered":"Lageplan"},"content":{"rendered":"\n<p>Die Lage des&nbsp;Kleingartenverein Spallart ist im Norden durch die Gottfried-Alber-Gasse im S\u00fcden durch die Dampierrestra\u00dfe und die Heinrich-Collin-Stra\u00dfe und die Ameisbachzeile begrenzt. Im Westen schliesst der Verein an den KGV Am Ameisbach an und im Osten ist die Anlage durch die an der&nbsp;Tiefendorfergasse gelegenen H\u00e4user begrenzt.<\/p>\n\n\n<div class=\"wp-block-image\">\n<figure class=\"aligncenter size-large\"><a href=\"https:\/\/www.kgvspallart.at\/wordpress\/wp-content\/uploads\/2022\/05\/Lageplan-2022-Web.jpg\"><img loading=\"lazy\" decoding=\"async\" width=\"1024\" height=\"664\" src=\"https:\/\/www.kgvspallart.at\/wordpress\/wp-content\/uploads\/2022\/05\/Lageplan-2022-Web-1024x664.jpg\" alt=\"\" class=\"wp-image-5860\" srcset=\"https:\/\/www.kgvspallart.at\/wordpress\/wp-content\/uploads\/2022\/05\/Lageplan-2022-Web-1024x664.jpg 1024w, https:\/\/www.kgvspallart.at\/wordpress\/wp-content\/uploads\/2022\/05\/Lageplan-2022-Web-300x195.jpg 300w, https:\/\/www.kgvspallart.at\/wordpress\/wp-content\/uploads\/2022\/05\/Lageplan-2022-Web-1536x996.jpg 1536w, https:\/\/www.kgvspallart.at\/wordpress\/wp-content\/uploads\/2022\/05\/Lageplan-2022-Web-150x97.jpg 150w, https:\/\/www.kgvspallart.at\/wordpress\/wp-content\/uploads\/2022\/05\/Lageplan-2022-Web.jpg 1600w\" sizes=\"auto, (max-width: 1024px) 100vw, 1024px\" \/><\/a><figcaption>Lageplan<\/figcaption><\/figure>\n<\/div>","protected":false},"excerpt":{"rendered":"<p>Die Lage des&nbsp;Kleingartenverein Spallart ist im Norden durch die Gottfried-Alber-Gasse im S\u00fcden durch die Dampierrestra\u00dfe und die Heinrich-Collin-Stra\u00dfe und die Ameisbachzeile begrenzt. Im Westen schliesst der Verein an den KGV Am Ameisbach an und im Osten ist die Anlage durch die an der&nbsp;Tiefendorfergasse gelegenen H\u00e4user begrenzt.<\/p>\n<p> <a class=\"continue-reading-link\" href=\"https:\/\/www.kgvspallart.at\/?page_id=38\"><span>Mehr lesen<\/span><i class=\"crycon-right-dir\"><\/i><\/a> <\/p>\n","protected":false},"author":1,"featured_media":0,"parent":36,"menu_order":0,"comment_status":"closed","ping_status":"closed","template":"","meta":{"ngg_post_thumbnail":0,"_mc_calendar":[],"footnotes":""},"class_list":["post-38","page","type-page","status-publish","hentry"],"_links":{"self":[{"href":"https:\/\/www.kgvspallart.at\/index.php?rest_route=\/wp\/v2\/pages\/38","targetHints":{"allow":["GET"]}}],"collection":[{"href":"https:\/\/www.kgvspallart.at\/index.php?rest_route=\/wp\/v2\/pages"}],"about":[{"href":"https:\/\/www.kgvspallart.at\/index.php?rest_route=\/wp\/v2\/types\/page"}],"author":[{"embeddable":true,"href":"https:\/\/www.kgvspallart.at\/index.php?rest_route=\/wp\/v2\/users\/1"}],"replies":[{"embeddable":true,"href":"https:\/\/www.kgvspallart.at\/index.php?rest_route=%2Fwp%2Fv2%2Fcomments&post=38"}],"version-history":[{"count":8,"href":"https:\/\/www.kgvspallart.at\/index.php?rest_route=\/wp\/v2\/pages\/38\/revisions"}],"predecessor-version":[{"id":5865,"href":"https:\/\/www.kgvspallart.at\/index.php?rest_route=\/wp\/v2\/pages\/38\/revisions\/5865"}],"up":[{"embeddable":true,"href":"https:\/\/www.kgvspallart.at\/index.php?rest_route=\/wp\/v2\/pages\/36"}],"wp:attachment":[{"href":"https:\/\/www.kgvspallart.at\/index.php?rest_route=%2Fwp%2Fv2%2Fmedia&parent=38"}],"curies":[{"name":"wp","href":"https:\/\/api.w.org\/{rel}","templated":true}]}}

<p>Die Lage des&nbsp;Kleingartenverein Spallart ist im Norden durch die Gottfried-Alber-Gasse im Süden durch die Dampierrestraße und die Heinrich-Collin-Straße und die Ameisbachzeile begrenzt. Im Westen schliesst der Verein an den KGV Am Ameisbach an und im Osten ist die Anlage durch die an der&nbsp;Tiefendorfergasse gelegenen Häuser begrenzt.</p>


<div class="wp-block-image">
<figure class="aligncenter size-large"><a href="https://www.kgvspallart.at/wordpress/wp-content/uploads/2022/05/Lageplan-2022-Web.jpg"><img loading="lazy" decoding="async" width="1024" height="664" src="https://www.kgvspallart.at/wordpress/wp-content/uploads/2022/05/Lageplan-2022-Web-1024x664.jpg" alt="" class="wp-image-5860" srcset="https://www.kgvspallart.at/wordpress/wp-content/uploads/2022/05/Lageplan-2022-Web-1024x664.jpg 1024w, https://www.kgvspallart.at/wordpress/wp-content/uploads/2022/05/Lageplan-2022-Web-300x195.jpg 300w, https://www.kgvspallart.at/wordpress/wp-content/uploads/2022/05/Lageplan-2022-Web-1536x996.jpg 1536w, https://www.kgvspallart.at/wordpress/wp-content/uploads/2022/05/Lageplan-2022-Web-150x97.jpg 150w, https://www.kgvspallart.at/wordpress/wp-content/uploads/2022/05/Lageplan-2022-Web.jpg 1600w" sizes="auto, (max-width: 1024px) 100vw, 1024px" /></a><figcaption>Lageplan</figcaption></figure>
</div>

<p>Die Lage des&nbsp;Kleingartenverein Spallart ist im Norden durch die Gottfried-Alber-Gasse im Süden durch die Dampierrestraße und die Heinrich-Collin-Straße und die Ameisbachzeile begrenzt. Im Westen schliesst der Verein an den KGV Am Ameisbach an und im Osten ist die Anlage durch die an der&nbsp;Tiefendorfergasse gelegenen Häuser begrenzt.</p>
<p> <a class="continue-reading-link" href="https://www.kgvspallart.at/?page_id=38"><span>Mehr lesen</span><i class="crycon-right-dir"></i></a> </p>
