{"id":6249,"date":"2024-06-11T22:02:48","date_gmt":"2024-06-11T20:02:48","guid":{"rendered":"https:\/\/www.kgvspallart.at\/?page_id=6249"},"modified":"2024-06-11T22:10:30","modified_gmt":"2024-06-11T20:10:30","slug":"datenschutz-fuer-vereinsmitglieder","status":"publish","type":"page","link":"https:\/\/www.kgvspallart.at\/?page_id=6249","title":{"rendered":"Datenschutz f\u00fcr Vereinsmitglieder"},"content":{"rendered":"\n<p>Der Schutz von personenbezogenen Daten ist uns wichtig und auch gesetzlich gefordert. Die nachstehende \u00dcbersicht soll Sie \u00fcber die wichtigsten Aspekte der Verarbeitung personenbezogener Daten informieren.&nbsp;<\/p>\n\n\n\n<table style=\"height: 322px; width: 100%; border-collapse: collapse; border-style: solid; border-color: #000000;\"><caption>&nbsp;<\/caption>\n<tbody>\n<tr style=\"height: 92px;\">\n<td style=\"width: 28.095238%; height: 92px;\">\n<div><span lang=\"DE-AT\">Verantwortlicher<\/span><\/div>\n<\/td>\n<td style=\"width: 71.904762%; height: 92px;\">\n<div><strong><span lang=\"DE-AT\">Kleingartenverein Spallart<\/span><\/strong><\/div>\n<div><span lang=\"DE-AT\">Gottfried-Alber-Gasse 21\/Gr. 3\/Parz. 31<\/span><\/div>\n<div><span lang=\"DE-AT\">1140 Wien<br><strong>Telefon<\/strong>: 0680 311 48 46 \/ <strong>E-Mail<\/strong>: verein@kgvspallart.at<\/span><\/div>\n<\/td>\n<\/tr>\n<tr style=\"height: 46px;\">\n<td style=\"width: 28.095238%; height: 46px;\">\n<div><span lang=\"DE-AT\">Datenschutz-<br>beauftragter<\/span><\/div>\n<\/td>\n<td style=\"width: 71.904762%; height: 46px;\">\n<div><span lang=\"DE-AT\">Es ist kein Datenschutzbeauftragter bestellt, da keine gesetzliche Notwendigkeit besteht. <\/span><\/div>\n<\/td>\n<\/tr>\n<tr style=\"height: 23px;\">\n<td style=\"width: 28.095238%; height: 23px;\">\n<div>\n<p>Zu welchem Zweck verarbeiten wir Ihre Daten:<\/p>\n<\/div>\n<\/td>\n<td style=\"width: 71.904762%; height: 23px;\">\n<div><span lang=\"DE-AT\">Als Verein verwalten wir unsere Kleingartenanlage fu\u0308r alle Kleinga\u0308rtner, welche Nutzungsrechte an den in der Kleingartenanlage befindlichen Kleingartenparzellen zustehen. Darunter fallen die Verwaltung der Gemeinschaftsfla\u0308chen, Gemeinschaftsanlagen und sonstigen der Befriedung gemeinsamer Bedu\u0308rfnisse dienenden Einrichtungen, im Einvernehmen mit dem Generalpa\u0308chter. Dazu verarbeitet der Verein im Rahmen dieser Ta\u0308tigkeit personenbezogene Daten auf Basisi der datenschutzrechtlichen Bestimmungen.<\/span><\/div>\n<\/td>\n<\/tr>\n<tr style=\"height: 23px;\">\n<td style=\"width: 28.095238%; height: 23px;\">\n<div><span lang=\"DE-AT\">Rechtsgrundlage: <\/span><\/div>\n<\/td>\n<td style=\"width: 71.904762%; height: 23px;\">\n<div><span lang=\"DE-AT\">Vertragsverha\u0308ltnis, Gescha\u0308ftsanbahnung, gesetzliche Grundlage <\/span><\/div>\n<\/td>\n<\/tr>\n<tr style=\"height: 23px;\">\n<td style=\"width: 28.095238%; height: 23px;\">\n<div><span lang=\"DE-AT\">Verarbeitete Datenkategorien: <\/span><\/div>\n<\/td>\n<td style=\"width: 71.904762%; height: 23px;\">\n<div><span lang=\"DE-AT\">Kontaktdaten (Name, Adresse, Tel., E-Mail, etc.) sowie Daten, die zur Identifizierung und zur Abwicklung des Vertragsverha\u0308ltnisses erforderlich sind (Konto- und Zahlungsdaten, Rechnungswesen, Korrespondenz) <\/span><\/div>\n<\/td>\n<\/tr>\n<tr style=\"height: 23px;\">\n<td style=\"width: 28.095238%; height: 23px;\">\n<div><span lang=\"DE-AT\">Wie lange speichern wir Ihre Daten: <\/span><\/div>\n<\/td>\n<td style=\"width: 71.904762%; height: 23px;\">\n<div><span lang=\"DE-AT\">Die Daten werden solange aufbewahrt, als gesetzliche Aufbewahrungsfristen bestehen oder Verja\u0308hrungsfristen potentieller Rechtsanspru\u0308che noch nicht abgelaufen sind. <\/span><\/div>\n<\/td>\n<\/tr>\n<tr style=\"height: 23px;\">\n<td style=\"width: 28.095238%; height: 23px;\">\n<div>\n<p>An wen geben wir Ihre Daten weiter:<\/p>\n<\/div>\n<div>\n<p>(mo\u0308gliche Empfa\u0308nger- kategorien)<\/p>\n<\/div>\n<\/td>\n<td style=\"width: 71.904762%; height: 23px;\">\n<div>\n<p>Wir speichern und verarbeiten die uns u\u0308bermittelten bzw. bekanntgegebenen personenbezogenen Daten nur soweit es mit der Abwicklung des Mitgliedervertrages\/der Gescha\u0308ftsbeziehung im Zusammenhang steht. Eine Weitergabe erfolgt nur im minimal erforderlichen Umfang, &nbsp;soweit es fu\u0308r die Vertragsabwicklung notwendig ist, auf einer gesetzlichen Grundlage beruht oder ein berechtigtes Interesse an der Gescha\u0308ftsabwicklung beteiligter Dritter besteht.<\/p>\n<\/div>\n<div>\n<p>Beho\u0308rden, Steuerberater und Rechtsvertreter (bei der Durchsetzung von Rechten oder Abwehr von Anspru\u0308chen).<\/p>\n<\/div>\n<div><span lang=\"DE-AT\">Keinesfalls werden Ihre Daten zu Werbezwecken o. a\u0308. weitergegeben. Unsere Mitarbeiter und unsere Dienstleistungsunternehmen sind zur Verschwiegenheit und zur Einhaltung der Datenschutzbestimmungen verpflichtet. <\/span><\/div>\n<\/td>\n<\/tr>\n<tr style=\"height: 23px;\">\n<td style=\"width: 28.095238%; height: 23px;\">\n<div><span lang=\"DE-AT\">Datenu\u0308bertragbarkeit <\/span><\/div>\n<\/td>\n<td style=\"width: 71.904762%; height: 23px;\">\n<div><span lang=\"DE-AT\">Es besteht kein Recht auf Datenu\u0308bertragbarkeit. <\/span><\/div>\n<\/td>\n<\/tr>\n<tr style=\"height: 23px;\">\n<td style=\"width: 28.095238%; height: 23px;\">\n<div><span lang=\"DE-AT\">Quelle der Daten: <\/span><\/div>\n<\/td>\n<td style=\"width: 71.904762%; height: 23px;\">\n<div><span lang=\"DE-AT\">Alle Daten werden im Rahmen unserer Gesch\u00e4ftst\u00e4tigkeit selbst erhoben.<\/span><\/div>\n<\/td>\n<\/tr>\n<\/tbody>\n<\/table>\n\n\n\n<p>Eine \u00dcbermittlung an Empf\u00e4nger in einem Drittland (au\u00dferhalb der EU) oder an eine internationale Organisation ist nicht vorgesehen. Es besteht keine automatisierte Entscheidungsfindung (Profiling)&nbsp;<\/p>\n\n\n\n<p>Es ist weder vertraglich noch gesetzlich vorgeschrieben, dass Sie Ihre Daten bereitstellen und es gibt auch keine Verpflichtung dazu. Allerdings sind die Daten allerdings erforderlich, damit das Vertragsverh\u00e4ltnis ordnungsgem\u00e4\u00df durchgef\u00fchrt werden kann.&nbsp;<\/p>\n\n\n\n<p class=\"has-background\" style=\"background-color:#daf0ff\">Als betroffener Person steht Ihnen grunds\u00e4tzlich das Recht auf Auskunft, Berichtigung, L\u00f6schung, Einschr\u00e4nkung und Widerspruch zu. Zur Aus\u00fcbung Ihrer Rechte wenden Sie sich bitte an:\u00a0<br><br><strong>Kleingartenverein Spallart<\/strong><br><strong>Gottfried-Alber-Gasse 21\/Gr. 3\/Parz. 31<\/strong><br><strong>1140 Wien<br>Telefon: 0680 311 48 46 \/ E-Mail: verein@kgvspallart.at<\/strong><br><br>Wenn Sie glauben, dass die Verarbeitung Ihrer Daten gegen das Datenschutzrecht verst\u00f6\u00dft oder Ihre datenschutzrechtlichen Anspr\u00fcche sonst in irgendeiner Weise verletzt worden sind, steht es Ihnen frei, bei der Datenschutzbeh\u00f6rde Beschwerde zu erheben.<\/p>\n","protected":false},"excerpt":{"rendered":"<p>Der Schutz von personenbezogenen Daten ist uns wichtig und auch gesetzlich gefordert. Die nachstehende \u00dcbersicht soll Sie \u00fcber die wichtigsten Aspekte der Verarbeitung personenbezogener Daten informieren.&nbsp; &nbsp; Verantwortlicher Kleingartenverein Spallart Gottfried-Alber-Gasse 21\/Gr. 3\/Parz. 31 1140 WienTelefon: 0680 311 48 46 \/ E-Mail: verein@kgvspallart.at Datenschutz-beauftragter Es ist kein Datenschutzbeauftragter bestellt, da keine gesetzliche Notwendigkeit besteht. Zu welchem Zweck verarbeiten wir Ihre Daten: Als Verein verwalten wir unsere Kleingartenanlage fu\u0308r alle Kleinga\u0308rtner, welche Nutzungsrechte an den in der Kleingartenanlage befindlichen Kleingartenparzellen zustehen. Darunter fallen die Verwaltung der Gemeinschaftsfla\u0308chen, Gemeinschaftsanlagen und sonstigen der Befriedung gemeinsamer Bedu\u0308rfnisse dienenden Einrichtungen, im Einvernehmen mit dem Generalpa\u0308chter. Dazu verarbeitet der Verein im Rahmen dieser Ta\u0308tigkeit personenbezogene Daten auf Basisi der datenschutzrechtlichen Bestimmungen. Rechtsgrundlage: Vertragsverha\u0308ltnis, Gescha\u0308ftsanbahnung, gesetzliche Grundlage Verarbeitete Datenkategorien: Kontaktdaten (Name, Adresse, Tel., E-Mail, etc.) sowie Daten, die zur Identifizierung und zur Abwicklung des Vertragsverha\u0308ltnisses erforderlich sind (Konto- und Zahlungsdaten, Rechnungswesen, Korrespondenz) Wie lange speichern wir Ihre&#8230;<\/p>\n<p> <a class=\"continue-reading-link\" href=\"https:\/\/www.kgvspallart.at\/?page_id=6249\"><span>Mehr lesen<\/span><i class=\"crycon-right-dir\"><\/i><\/a> <\/p>\n","protected":false},"author":1,"featured_media":0,"parent":0,"menu_order":0,"comment_status":"closed","ping_status":"closed","template":"","meta":{"ngg_post_thumbnail":0,"_mc_calendar":[],"footnotes":""},"class_list":["post-6249","page","type-page","status-publish","hentry"],"_links":{"self":[{"href":"https:\/\/www.kgvspallart.at\/index.php?rest_route=\/wp\/v2\/pages\/6249","targetHints":{"allow":["GET"]}}],"collection":[{"href":"https:\/\/www.kgvspallart.at\/index.php?rest_route=\/wp\/v2\/pages"}],"about":[{"href":"https:\/\/www.kgvspallart.at\/index.php?rest_route=\/wp\/v2\/types\/page"}],"author":[{"embeddable":true,"href":"https:\/\/www.kgvspallart.at\/index.php?rest_route=\/wp\/v2\/users\/1"}],"replies":[{"embeddable":true,"href":"https:\/\/www.kgvspallart.at\/index.php?rest_route=%2Fwp%2Fv2%2Fcomments&post=6249"}],"version-history":[{"count":6,"href":"https:\/\/www.kgvspallart.at\/index.php?rest_route=\/wp\/v2\/pages\/6249\/revisions"}],"predecessor-version":[{"id":6257,"href":"https:\/\/www.kgvspallart.at\/index.php?rest_route=\/wp\/v2\/pages\/6249\/revisions\/6257"}],"wp:attachment":[{"href":"https:\/\/www.kgvspallart.at\/index.php?rest_route=%2Fwp%2Fv2%2Fmedia&parent=6249"}],"curies":[{"name":"wp","href":"https:\/\/api.w.org\/{rel}","templated":true}]}}

Datenschutz für Vereinsmitglieder

<p>Der Schutz von personenbezogenen Daten ist uns wichtig und auch gesetzlich gefordert. Die nachstehende Übersicht soll Sie über die wichtigsten Aspekte der Verarbeitung personenbezogener Daten informieren.&nbsp;</p>



<table style="height: 322px; width: 100%; border-collapse: collapse; border-style: solid; border-color: #000000;"><caption>&nbsp;</caption>
<tbody>
<tr style="height: 92px;">
<td style="width: 28.095238%; height: 92px;">
<div><span lang="DE-AT">Verantwortlicher</span></div>
</td>
<td style="width: 71.904762%; height: 92px;">
<div><strong><span lang="DE-AT">Kleingartenverein Spallart</span></strong></div>
<div><span lang="DE-AT">Gottfried-Alber-Gasse 21/Gr. 3/Parz. 31</span></div>
<div><span lang="DE-AT">1140 Wien<br><strong>Telefon</strong>: 0680 311 48 46 / <strong>E-Mail</strong>: verein@kgvspallart.at</span></div>
</td>
</tr>
<tr style="height: 46px;">
<td style="width: 28.095238%; height: 46px;">
<div><span lang="DE-AT">Datenschutz-<br>beauftragter</span></div>
</td>
<td style="width: 71.904762%; height: 46px;">
<div><span lang="DE-AT">Es ist kein Datenschutzbeauftragter bestellt, da keine gesetzliche Notwendigkeit besteht. </span></div>
</td>
</tr>
<tr style="height: 23px;">
<td style="width: 28.095238%; height: 23px;">
<div>
<p>Zu welchem Zweck verarbeiten wir Ihre Daten:</p>
</div>
</td>
<td style="width: 71.904762%; height: 23px;">
<div><span lang="DE-AT">Als Verein verwalten wir unsere Kleingartenanlage für alle Kleingärtner, welche Nutzungsrechte an den in der Kleingartenanlage befindlichen Kleingartenparzellen zustehen. Darunter fallen die Verwaltung der Gemeinschaftsflächen, Gemeinschaftsanlagen und sonstigen der Befriedung gemeinsamer Bedürfnisse dienenden Einrichtungen, im Einvernehmen mit dem Generalpächter. Dazu verarbeitet der Verein im Rahmen dieser Tätigkeit personenbezogene Daten auf Basisi der datenschutzrechtlichen Bestimmungen.</span></div>
</td>
</tr>
<tr style="height: 23px;">
<td style="width: 28.095238%; height: 23px;">
<div><span lang="DE-AT">Rechtsgrundlage: </span></div>
</td>
<td style="width: 71.904762%; height: 23px;">
<div><span lang="DE-AT">Vertragsverhältnis, Geschäftsanbahnung, gesetzliche Grundlage </span></div>
</td>
</tr>
<tr style="height: 23px;">
<td style="width: 28.095238%; height: 23px;">
<div><span lang="DE-AT">Verarbeitete Datenkategorien: </span></div>
</td>
<td style="width: 71.904762%; height: 23px;">
<div><span lang="DE-AT">Kontaktdaten (Name, Adresse, Tel., E-Mail, etc.) sowie Daten, die zur Identifizierung und zur Abwicklung des Vertragsverhältnisses erforderlich sind (Konto- und Zahlungsdaten, Rechnungswesen, Korrespondenz) </span></div>
</td>
</tr>
<tr style="height: 23px;">
<td style="width: 28.095238%; height: 23px;">
<div><span lang="DE-AT">Wie lange speichern wir Ihre Daten: </span></div>
</td>
<td style="width: 71.904762%; height: 23px;">
<div><span lang="DE-AT">Die Daten werden solange aufbewahrt, als gesetzliche Aufbewahrungsfristen bestehen oder Verjährungsfristen potentieller Rechtsansprüche noch nicht abgelaufen sind. </span></div>
</td>
</tr>
<tr style="height: 23px;">
<td style="width: 28.095238%; height: 23px;">
<div>
<p>An wen geben wir Ihre Daten weiter:</p>
</div>
<div>
<p>(mögliche Empfänger- kategorien)</p>
</div>
</td>
<td style="width: 71.904762%; height: 23px;">
<div>
<p>Wir speichern und verarbeiten die uns übermittelten bzw. bekanntgegebenen personenbezogenen Daten nur soweit es mit der Abwicklung des Mitgliedervertrages/der Geschäftsbeziehung im Zusammenhang steht. Eine Weitergabe erfolgt nur im minimal erforderlichen Umfang, &nbsp;soweit es für die Vertragsabwicklung notwendig ist, auf einer gesetzlichen Grundlage beruht oder ein berechtigtes Interesse an der Geschäftsabwicklung beteiligter Dritter besteht.</p>
</div>
<div>
<p>Behörden, Steuerberater und Rechtsvertreter (bei der Durchsetzung von Rechten oder Abwehr von Ansprüchen).</p>
</div>
<div><span lang="DE-AT">Keinesfalls werden Ihre Daten zu Werbezwecken o. ä. weitergegeben. Unsere Mitarbeiter und unsere Dienstleistungsunternehmen sind zur Verschwiegenheit und zur Einhaltung der Datenschutzbestimmungen verpflichtet. </span></div>
</td>
</tr>
<tr style="height: 23px;">
<td style="width: 28.095238%; height: 23px;">
<div><span lang="DE-AT">Datenübertragbarkeit </span></div>
</td>
<td style="width: 71.904762%; height: 23px;">
<div><span lang="DE-AT">Es besteht kein Recht auf Datenübertragbarkeit. </span></div>
</td>
</tr>
<tr style="height: 23px;">
<td style="width: 28.095238%; height: 23px;">
<div><span lang="DE-AT">Quelle der Daten: </span></div>
</td>
<td style="width: 71.904762%; height: 23px;">
<div><span lang="DE-AT">Alle Daten werden im Rahmen unserer Geschäftstätigkeit selbst erhoben.</span></div>
</td>
</tr>
</tbody>
</table>



<p>Eine Übermittlung an Empfänger in einem Drittland (außerhalb der EU) oder an eine internationale Organisation ist nicht vorgesehen. Es besteht keine automatisierte Entscheidungsfindung (Profiling)&nbsp;</p>



<p>Es ist weder vertraglich noch gesetzlich vorgeschrieben, dass Sie Ihre Daten bereitstellen und es gibt auch keine Verpflichtung dazu. Allerdings sind die Daten allerdings erforderlich, damit das Vertragsverhältnis ordnungsgemäß durchgeführt werden kann.&nbsp;</p>



<p class="has-background" style="background-color:#daf0ff">Als betroffener Person steht Ihnen grundsätzlich das Recht auf Auskunft, Berichtigung, Löschung, Einschränkung und Widerspruch zu. Zur Ausübung Ihrer Rechte wenden Sie sich bitte an: <br><br><strong>Kleingartenverein Spallart</strong><br><strong>Gottfried-Alber-Gasse 21/Gr. 3/Parz. 31</strong><br><strong>1140 Wien<br>Telefon: 0680 311 48 46 / E-Mail: verein@kgvspallart.at</strong><br><br>Wenn Sie glauben, dass die Verarbeitung Ihrer Daten gegen das Datenschutzrecht verstößt oder Ihre datenschutzrechtlichen Ansprüche sonst in irgendeiner Weise verletzt worden sind, steht es Ihnen frei, bei der Datenschutzbehörde Beschwerde zu erheben.</p>

<p>Der Schutz von personenbezogenen Daten ist uns wichtig und auch gesetzlich gefordert. Die nachstehende Übersicht soll Sie über die wichtigsten Aspekte der Verarbeitung personenbezogener Daten informieren.&nbsp; &nbsp; Verantwortlicher Kleingartenverein Spallart Gottfried-Alber-Gasse 21/Gr. 3/Parz. 31 1140 WienTelefon: 0680 311 48 46 / E-Mail: verein@kgvspallart.at Datenschutz-beauftragter Es ist kein Datenschutzbeauftragter bestellt, da keine gesetzliche Notwendigkeit besteht. Zu welchem Zweck verarbeiten wir Ihre Daten: Als Verein verwalten wir unsere Kleingartenanlage für alle Kleingärtner, welche Nutzungsrechte an den in der Kleingartenanlage befindlichen Kleingartenparzellen zustehen. Darunter fallen die Verwaltung der Gemeinschaftsflächen, Gemeinschaftsanlagen und sonstigen der Befriedung gemeinsamer Bedürfnisse dienenden Einrichtungen, im Einvernehmen mit dem Generalpächter. Dazu verarbeitet der Verein im Rahmen dieser Tätigkeit personenbezogene Daten auf Basisi der datenschutzrechtlichen Bestimmungen. Rechtsgrundlage: Vertragsverhältnis, Geschäftsanbahnung, gesetzliche Grundlage Verarbeitete Datenkategorien: Kontaktdaten (Name, Adresse, Tel., E-Mail, etc.) sowie Daten, die zur Identifizierung und zur Abwicklung des Vertragsverhältnisses erforderlich sind (Konto- und Zahlungsdaten, Rechnungswesen, Korrespondenz) Wie lange speichern wir Ihre&#8230;</p>
<p> <a class="continue-reading-link" href="https://www.kgvspallart.at/?page_id=6249"><span>Mehr lesen</span><i class="crycon-right-dir"></i></a> </p>
